 79666 is divided by 184?
178
What is the remainder when 315287 is divided by 596?
3
Calculate the remainder when 9470 is divided by 3154.
8
What is the remainder when 6533 is divided by 150?
83
What is the remainder when 10328 is divided by 312?
32
What is the remainder when 591 is divided by 446?
145
What is the remainder when 233278 is divided by 11?
1
What is the remainder when 811 is divided by 366?
79
What is the remainder when 227049 is divided by 214?
209
What is the remainder when 252 is divided by 14?
0
Calculate the remainder when 32994 is divided by 30.
24
Calculate the remainder when 185423 is divided by 7416.
23
What is the remainder when 5837190 is divided by 207?
204
Calculate the remainder when 147735 is divided by 125.
110
Calculate the remainder when 735 is divided by 187.
174
Calculate the remainder when 17073 is divided by 157.
117
What is the remainder when 18712 is divided by 28?
8
What is the remainder when 8577 is divided by 323?
179
What is the remainder when 18458 is divided by 513?
503
What is the remainder when 54888 is divided by 188?
180
Calculate the remainder when 1232 is divided by 175.
7
Calculate the remainder when 40224 is divided by 1087.
5
What is the remainder when 201 is divided by 146?
55
Calculate the remainder when 736 is divided by 590.
146
Calculate the remainder when 7165 is divided by 6880.
285
Calculate the remainder when 9373805 is divided by 54.
53
Calculate the remainder when 528 is divided by 186.
156
Calculate the remainder when 3199 is divided by 215.
189
What is the remainder when 311855 is divided by 20?
15
What is the remainder when 56237 is divided by 120?
77
Calculate the remainder when 26997 is divided by 93.
27
What is the remainder when 314879 is divided by 384?
383
Calculate the remainder when 237097 is divided by 102.
49
What is the remainder when 575 is divided by 91?
29
Calculate the remainder when 341204 is divided by 345.
344
Calculate the remainder when 665 is divided by 315.
35
Calculate the remainder when 201069 is divided by 568.
565
What is the remainder when 600 is divided by 289?
22
What is the remainder when 34305 is divided by 6859?
10
What is the remainder when 793 is divided by 159?
157
What is the remainder when 65044 is divided by 715?
694
What is the remainder when 42858 is divided by 109?
21
Calculate the remainder when 531 is divided by 44.
3
What is the remainder when 1114 is divided by 304?
202
Calculate the remainder when 22277 is divided by 36.
29
Calculate the remainder when 1986 is divided by 296.
210
What is the remainder when 8612 is divided by 31?
25
Calculate the remainder when 178199 is divided by 660.
659
What is the remainder when 63379 is divided by 10?
9
What is the remainder when 3106 is divided by 4?
2
Calculate the remainder when 1645 is divided by 542.
19
Calculate the remainder when 3862 is divided by 1928.
6
Calculate the remainder when 59637 is divided by 710.
707
What is the remainder when 7279 is divided by 2402?
73
Calculate the remainder when 7476 is divided by 213.
21
Calculate the remainder when 1806 is divided by 29.
8
What is the remainder when 717 is divided by 146?
133
What is the remainder when 1805 is divided by 50?
5
What is the remainder when 25 is divided by 20?
5
Calculate the remainder when 490504 is divided by 905.
899
Calculate the remainder when 41247 is divided by 20613.
21
Calculate the remainder when 32436 is divided by 10812.
0
Calculate the remainder when 13185 is divided by 488.
9
Calculate the remainder when 1142 is divided by 61.
44
Calculate the remainder when 175003 is divided by 13.
10
What is the remainder when 4899 is divided by 22?
15
Calculate the remainder when 3652 is divided by 19.
4
Calculate the remainder when 3508 is divided by 1036.
400
What is the remainder when 2181 is divided by 2106?
75
Calculate the remainder when 47710 is divided by 28.
26
What is the remainder when 24499 is divided by 662?
5
What is the remainder when 10547 is divided by 2632?
19
Calculate the remainder when 2013043 is divided by 31.
27
What is the remainder when 220065 is divided by 14?
13
What is the remainder when 6389 is divided by 6096?
293
Calculate the remainder when 60956 is divided by 2649.
29
What is the remainder when 4283 is divided by 63?
62
What is the remainder when 5101 is divided by 88?
85
What is the remainder when 3902 is divided by 2?
0
What is the remainder when 208807 is divided by 314?
311
Calculate the remainder when 13484 is divided by 652.
444
What is the remainder when 1527 is divided by 325?
227
Calculate the remainder when 2058 is divided by 142.
70
What is the remainder when 37248 is divided by 4136?
24
What is the remainder when 559582 is divided by 18?
16
Calculate the remainder when 24920 is divided by 13.
12
Calculate the remainder when 1638 is divided by 45.
18
What is the remainder when 333640 is divided by 22?
10
Calculate the remainder when 22054 is divided by 4409.
9
Calculate the remainder when 3903 is divided by 3480.
423
Calculate the remainder when 125995 is divided by 163.
159
Calculate the remainder when 508633 is divided by 101.
98
Calculate the remainder when 2671 is divided by 269.
250
Calculate the remainder when 2079 is divided by 571.
366
What is the remainder when 77902 is divided by 3539?
44
Calculate the remainder when 802107 is divided by 772.
771
What is the remainder when 2961 is divided by 3?
0
Calculate the remainder when 2001781 is divided by 164.
161
Calculate the remainder when 998478 is divided by 23220.
18
What is the remainder when 2191 is divided by 80?
31
Calculate the remainder when 1269790 is divided by 32.
30
Calculate the remainder when 5969 is divided by 5966.
3
Calculate the remainder when 8912 is divided by 595.
582
What is the remainder when 294801 is divided by 29?
16
Calculate the remainder when 38940 is divided by 220.
0
Calculate the remainder when 2830 is divided by 144.
94
Calculate the remainder when 18499 is divided by 250.
249
Calculate the remainder when 79683 is divided by 1853.
4
What is the remainder when 332790 is divided by 613?
544
What is the remainder when 728636 is divided by 15?
11
What is the remainder when 3185277 is divided by 21?
18
What is the remainder when 1321866 is divided by 73?
55
What is the remainder when 29892 is divided by 37?
33
What is the remainder when 33208 is divided by 19?
15
What is the remainder when 5664 is divided by 1222?
776
What is the remainder when 3914 is divided by 17?
4
Calculate the remainder when 57153 is divided by 1731.
30
What is the remainder when 3302 is divided by 91?
26
Calculate the remainder when 76379 is divided by 3637.
2
What is the remainder when 5918 is divided by 5912?
6
Calculate the remainder when 3866 is divided by 1869.
128
Calculate the remainder when 50617 is divided by 754.
99
Calculate the remainder when 7215 is divided by 226.
209
What is the remainder when 6416793 is divided by 32?
25
What is the remainder when 4391 is divided by 4199?
192
Calculate the remainder when 730 is divided by 81.
1
Calculate the remainder when 11238 is divided by 3617.
387
What is the remainder when 58361 is divided by 53?
8
What is the remainder when 619 is divided by 162?
133
Calculate the remainder when 36294 is divided by 349.
347
Calculate the remainder when 2730 is divided by 1361.
8
Calculate the remainder when 27394 is divided by 31.
21
What is the remainder when 50849 is divided by 69?
65
What is the remainder when 134685 is divided by 61?
58
What is the remainder when 7611 is divided by 11?
10
Calculate the remainder when 9618 is divided by 1.
0
Calculate the remainder when 91255 is divided by 103.
100
Calculate the remainder when 30950 is divided by 30856.
94
Calculate the remainder when 71730 is divided by 1593.
45
Calculate the remainder when 579495 is divided by 136.
135
What is the remainder when 61945 is divided by 579?
571
What is the remainder when 17750 is divided by 1087?
358
What is the remainder when 8497 is divided by 848?
17
Calculate the remainder when 1068 is divided by 350.
18
What is the remainder when 3625 is divided by 11?
6
What is the remainder when 163525 is divided by 91?
89
Calculate the remainder when 5919 is divided by 5881.
38
Calculate the remainder w